 Let o(j) = 2*j**2 - 9*j + 6. Let w(g) = -g + 1. Let s be w(2). Let p(a) = s*o(a) + v(a). List the prime factors of p(7).
2
Let o(n) = n**3 + 14*n**2 + 19*n + 26. Let a be o(-12). Let j = a - 66. What are the prime factors of j?
2, 5
Let i(l) = 69*l**2 + 51*l + 65. List the prime factors of i(-9).
5, 1039
Let h be 1/(-3)*-3*3. Let v be 295*(h - (-36)/(-15)). Suppose -p - 2*p + v = 0. What are the prime factors of p?
59
Let r = -177 + 250. Let c = r - -13. What are the prime factors of c?
2, 43
Let g(m) = 4*m**3 + 3*m**2 - 2*m + 2. Let s be g(2). Suppose -5*o - 3*k + 6 = -s, 34 = 4*o - 2*k. What are the prime factors of ((-30)/o - -3)*-42?
2, 7
Suppose 9*j - 884 = 5*j. What are the prime factors of j?
13, 17
Suppose -4*f + 5*k + 24 = 0, 0 = -2*f + 9*k - 5*k + 18. Suppose -4*c = c - 20. Suppose -f - 63 = -c*t. What are the prime factors of t?
2
Suppose 7*k + 27 + 15 = 0. What are the prime factors of (k - -5)*(-119 - -2)?
3, 13
Suppose -36*u = -753 - 9759. List the prime factors of u.
2, 73
List the prime factors of 626 + (-4)/((-32)/(-40)).
3, 23
Let t be (5/(-15))/(2/(-150)). Suppose 5*l - 170 = 3*l. Suppose -5*j + l = t. What are the prime factors of j?
2, 3
Let f(u) = u**3 + 5*u**2 + 6*u + 3. Let z be f(-2). Suppose -5*g = 2*r - 35, -3*g - z*r + 40 = 2*r. What are the prime factors of (g - 16)*(1 - 2)?
11
What are the prime factors of 5 - (-5 + -3201)/7?
463
Let u be (-544)/(-12) - (-1)/(-3). Suppose -s = -4*s + u. List the prime factors of (-267)/(-9) + (-10)/s.
29
Suppose 5*m + 2*r + 18 = 0, -3*m + 0*r = 2*r + 10. Let i(s) = -36*s + 35. What are the prime factors of i(m)?
179
Let o = -27 - -34. Suppose -253 - 405 = -o*y. What are the prime factors of y?
2, 47
What are the prime factors of 2034/10 - 2/5?
7, 29
Suppose 0 = 127*t - 77779 - 42109. List the prime factors of t.
2, 59
Let p = 4206 + -2504. What are the prime factors of p?
2, 23, 37
What are the prime factors of (-16)/(64/(-14862)) - 1/2?
5, 743
Suppose -147*x = -152*x + 3545. List the prime factors of x.
709
Let s(o) = 17*o**2 - 2*o - 36. List the prime factors of s(-6).
2, 3, 7
Suppose -2*x = 5*c - 919, 794 - 2204 = -3*x + 3*c. What are the prime factors of x?
467
Let v(p) = -12*p**3 - 9*p**2 - 18*p - 7. List the prime factors of v(-5).
2, 7, 97
What are the prime factors of 6/(8 - 14) + 783?
2, 17, 23
Let v(t) = -t**3 + 3*t**2 + t - 1. Let r be v(3). Suppose d = -r*d + 78. Suppose -u + 0*u + d = 0. What are the prime factors of u?
2, 13
Suppose 4*b - 3*l = 7698, -b + 5*l = 4*b - 9625. What are the prime factors of b?
3, 641
Let b(p) be the third derivative of -p**4/6 - 5*p**3/3 - 12*p**2. Let z be b(5). What are the prime factors of (-6)/z - 717/(-15)?
2, 3
Let i = -53 - -50. What are the prime factors of 75 - i/1 - 3?
3, 5
Suppose -26*q - 26 = -2*s - 21*q, -5*s - q = -11. What are the prime factors of s?
3
What are the prime factors of 11067/(-42)*(1 - 5)?
2, 17, 31
List the prime factors of -406*((-75)/(-10) - 8).
7, 29
Let y be 9/(-12) + 115/4. Let v = y - 49. Let s = v - -31. What are the prime factors of s?
2, 5
Suppose 3*x + 48 = 9. Let d = 24 + x. Let v = d - 3. What are the prime factors of v?
2
Suppose -5*i + i = 8. List the prime factors of (-110)/i + 3 + 0.
2, 29
Let u = 47 - -235. Let b be (-1)/(-4)*(u + 2). Suppose -4*n = -b - 9. What are the prime factors of n?
2, 5
Suppose 3*q - 10 = -2*q. Let y be (-2 + q)/2 - -36. Let a = y - 3. List the prime factors of a.
3, 11
Suppose 12 - 1 = -p. Let l = p - 24. Let i = 53 + l. List the prime factors of i.
2, 3
Let c = 16 + -26. Let i(v) = v**3 + 11*v**2 + 9*v - 6. Let x be i(c). Suppose x*p = 372 - 92. List the prime factors of p.
2, 5, 7
Suppose a + 2*z = 32, 7*z = 3*z. What are the prime factors of a?
2
Let j be (-4)/(-3) + 784/24. Let o(t) = -2*t - 11 + t + j. List the prime factors of o(16).
7
Suppose 5*t = -3*d + 257, 0 = 4*t - 0*d + 4*d - 204. Suppose -z - 4*k = -t - 38, -4*k - 280 = -4*z. Suppose -f + 0*f + z = 0. What are the prime factors of f?
2, 37
Let b(n) = 3 - 6*n + 19 + 3. List the prime factors of b(-11).
7, 13
Suppose -314 = 5*i - 2224. List the prime factors of i.
2, 191
Let s = 4489 - 2827. What are the prime factors of s?
2, 3, 277
Suppose 5*u - 3*u - 16 = 0. Let y = 7 - u. What are the prime factors of 3 - 0/(2/y)?
3
Let b be (-50)/39*3 + 6/(-39). List the prime factors of (-2)/9*-9*(-386)/b.
193
Suppose -8*h = 4*w - 3*h - 5835, 3*w + h - 4379 = 0. What are the prime factors of w?
2, 5, 73
Suppose 78 = -5*w + 453. Suppose 7*i + w - 348 = 0. List the prime factors of i.
3, 13
Let y(g) be the first derivative of g**2/2 - 9*g - 3. Let q be y(14). Suppose j = -0*j + q*r + 7, 2*j = r + 5. List the prime factors of j.
2
Let y(a) = 3*a**3 + 32*a**2 - 12*a - 59. List the prime factors of y(-8).
3, 61
Let j be -1*(-4 - (-4 + -1)). What are the prime factors of 322/6 + j/(-15)*5?
2, 3
Let v = 48 - 47. What are the prime factors of 97 + 3 + (v - (1 + 0))?
2, 5
Suppose 4*s - r = 11650, 2*s = -2*s - 4*r + 11640. List the prime factors of s.
2, 7, 13
Suppose o + 13 = 2*i, 2*o + 6 - 4 = -2*i. Suppose -4*t - 18 - 13 = -b, i*b - t = 139. What are the prime factors of b?
5, 7
Let s(x) = -x**3 - 9*x**2 - 8*x + 7. Let g be s(-8). Let y(h) = h + 3. Let a be y(g). Suppose -69 = -5*t + 3*p, -17 - a = -2*t + p. List the prime factors of t.
2, 3
Suppose t - 3*t - 5*b = -821, 4*t + 4*b = 1612. List the prime factors of t.
2, 199
Let q(s) = 2*s**2 - 23*s + 434. List the prime factors of q(16).
2, 17
Let x(t) be the first derivative of -3*t**2 + 8*t + 2. Let h be x(9). Let w = -19 - h. What are the prime factors of w?
3
Let r be 4/6*(4 - -41). List the prime factors of (-12)/r - 417/(-5).
83
List the prime factors of (9/11)/(-3) - 54167/(-11).
2, 1231
Let d(g) = -g**2 + 5*g - 36. Let f be d(-17). Let h = -289 - f. What are the prime factors of h?
11
Let m be ((-8)/3)/((-4)/(-120)). Let t = m + 112. Suppose d - 2*v = -d + t, d + v = 16. What are the prime factors of d?
2
Let c(r) = 14*r - 119. Let p(h) = -h + 8. Let z(s) = -6*c(s) - 91*p(s). List the prime factors of z(6).
2, 7
Let c(h) = -4*h + 8. Let i = 21 - 16. Let w be c(i). List the prime factors of (w/8)/((-2)/4).
3
Suppose -5*z = -506 - 424. Let w be 1/(3/z) - -2. Suppose -3*v = -v - w. What are the prime factors of v?
2
Suppose -l = 5*t - 575, -4*t + t + 317 = -5*l. What are the prime factors of t?
2, 3, 19
Suppose -17*v + 18*v = 405. What are the prime factors of v?
3, 5
Let s = 2 + 2. Let t = s + 3. Let l = -1 + t. What are the prime factors of l?
2, 3
Suppose -l + 10 = 6. Let m = -4 + l. Suppose m = -4*q - 3*n + 80, -3*q - 2*n + 61 = -0*q. What are the prime factors of q?
23
Suppose -5*l + 380 = 5*o, o - 10 - 72 = -3*l. Let q = o - 7. What are the prime factors of q?
2, 3, 11
Suppose 0*z + z - 416 = 3*u, 0 = -2*z + 4*u + 830. What are the prime factors of z?
7, 59
Let w = -1205 - -2032. List the prime factors of w.
827
Let y = -158 - -390. Suppose -7*j + 433 = -y. List the prime factors of j.
5, 19
Let p be (16099/34)/((-2)/(-4)). Suppose 254 - p = -7*j. List the prime factors of j.
3, 11
Suppose -24*v = -13*v - 6479. What are the prime factors of v?
19, 31
Let g(w) = 3*w**3 + 4*w**2 + 9*w - 21. List the prime factors of g(10).
3469
Suppose 2*g - g = 5. Suppose -g*k = 11 - 41. Suppose -19 = -4*m + 3*n + k, -5*m - 5*n + 40 = 0. What are the prime factors of m?
7
Let s = -2960 + 4235. List the prime factors of s.
3, 5, 17
What are the prime factors of 6/(-6)*(-6626)/4*2?
3313
Suppose -5*x - 2*s + 875 = 0, -3*x + 26*s - 23*s + 504 = 0. List the prime factors of x.
173
Let k = 383 - 181. Suppose 0 = -2*u + 18 + k. Suppose 3*l = 5*l - u. What are the prime factors of l?
5, 11
Suppose -z = -24 - 62. Suppose -z = -7*b + 5*b. List the prime factors of b.
43
Suppose 4*z - 9 = z. Let x = z + 3. List the prime factors of x.
2, 3
Suppose 2*n + 12 = -4*j, -n - 2*n - 3 = j. Suppose 9*a - 693 = -n*a. Let u = -16 + a. List the prime factors of u.
61
Let n(g) = g**3 - 5*g**2 + 7*g - 16. Let t = -77 - -83. What are the prime factors of n(t)?
2, 31
Let b(r) = -8*r - 14. Suppose 5*g + 19 = 6*g. Let j = g + -25. What are the prime factors of b(j)?
2, 17
What are the prime factors of 58608/114 + -1 - (-4)/(-38)?
3, 19
What are the prime factors of 1037 + 6/(54/63)?
2, 3, 29
Let b(f) = 